{"id":2,"date":"2025-02-14T13:38:42","date_gmt":"2025-02-14T10:38:42","guid":{"rendered":"https:\/\/celalyildirim.com\/?page_id=2"},"modified":"2025-05-11T13:43:42","modified_gmt":"2025-05-11T10:43:42","slug":"ornek-sayfa","status":"publish","type":"page","link":"https:\/\/celalyildirim.com\/","title":{"rendered":"Ana Sayfa"},"content":{"rendered":"\n<p>Celal Y\u0131ld\u0131r\u0131m Blog Sayfas\u0131d\u0131r&#8230;<\/p>\n\n\n\n<div class=\"wp-block-columns are-vertically-aligned-center is-layout-flex wp-container-core-columns-is-layout-28f84493 wp-block-columns-is-layout-flex\">\n<div class=\"wp-block-column is-vertically-aligned-center is-layout-flow wp-block-column-is-layout-flow\" style=\"flex-basis:100%\">\n<div class=\"wp-block-group has-global-padding is-layout-constrained wp-block-group-is-layout-constrained\">\n<div class=\"wp-block-columns is-layout-flex wp-container-core-columns-is-layout-28f84493 wp-block-columns-is-layout-flex\">\n<div class=\"wp-block-column is-layout-flow wp-block-column-is-layout-flow\" style=\"flex-basis:100%\"><\/div>\n<\/div>\n<\/div>\n<\/div>\n<\/div>\n\n\n\n<figure class=\"wp-block-image size-large\"><img loading=\"lazy\" decoding=\"async\" width=\"768\" height=\"1024\" src=\"https:\/\/celalyildirim.com\/wp-content\/uploads\/2025\/05\/WhatsApp-Image-2025-05-11-at-13.10.39-768x1024.jpeg\" alt=\"\" class=\"wp-image-439\" srcset=\"https:\/\/celalyildirim.com\/wp-content\/uploads\/2025\/05\/WhatsApp-Image-2025-05-11-at-13.10.39-768x1024.jpeg 768w, https:\/\/celalyildirim.com\/wp-content\/uploads\/2025\/05\/WhatsApp-Image-2025-05-11-at-13.10.39-225x300.jpeg 225w, https:\/\/celalyildirim.com\/wp-content\/uploads\/2025\/05\/WhatsApp-Image-2025-05-11-at-13.10.39-1152x1536.jpeg 1152w, https:\/\/celalyildirim.com\/wp-content\/uploads\/2025\/05\/WhatsApp-Image-2025-05-11-at-13.10.39.jpeg 1200w\" sizes=\"auto, (max-width: 768px) 100vw, 768px\" \/><\/figure>\n\n\n\n<blockquote class=\"wp-block-quote is-layout-flow wp-block-quote-is-layout-flow\">\n<p>Merhaba! Ben \u00e7al\u0131\u015fma hayat\u0131ndan emekli olan ve yaz\u0131m hayat\u0131na k\u00fc\u00e7\u00fck katk\u0131lar veren e\u011fitimciyim.Buras\u0131 benim sitem.Ayd\u0131n&#8217; da ya\u015f\u0131yorum.Sabahlar\u0131 zevkle a\u00e7\u0131k havada y\u00fcr\u00fcy\u00fc\u015f,ard\u0131ndan m\u00fczikle egzersiz yapar\u0131m.Kitap okumay\u0131 severim.Ayr\u0131ca g\u00fcvercinlerle iyi bir dostlu\u011fum var<\/p>\n\n\n\n<p><\/p>\n<\/blockquote>\n\n\n\n<p class=\"has-text-align-center\"><strong>SON YAZILARIM&#8230;<\/strong><\/p>\n\n\n<ul class=\"wp-block-latest-posts__list is-grid columns-3 alignwide wp-block-latest-posts\"><li><a class=\"wp-block-latest-posts__post-title\" href=\"https:\/\/celalyildirim.com\/index.php\/2026\/01\/17\/sahilde\/\">Sahilde<\/a><\/li>\n<li><a class=\"wp-block-latest-posts__post-title\" href=\"https:\/\/celalyildirim.com\/index.php\/2025\/08\/22\/sen-olmazsan\/\">Sen Olmazsan<\/a><\/li>\n<li><a class=\"wp-block-latest-posts__post-title\" href=\"https:\/\/celalyildirim.com\/index.php\/2025\/07\/24\/yasadikca-2\/\">Ya\u015fad\u0131k\u00e7a<\/a><\/li>\n<li><a class=\"wp-block-latest-posts__post-title\" href=\"https:\/\/celalyildirim.com\/index.php\/2025\/07\/23\/hazan-2\/\">Hazan<\/a><\/li>\n<li><a class=\"wp-block-latest-posts__post-title\" href=\"https:\/\/celalyildirim.com\/index.php\/2025\/07\/14\/kirmizinin-cagrisi\/\">K\u0131rm\u0131z\u0131n\u0131n \u00c7a\u011fr\u0131s\u0131<\/a><\/li>\n<\/ul>\n\n\n<p class=\"has-text-align-center\"><strong>YAZILARIM &#8211; AR\u015e\u0130V\u0130M<\/strong><\/p>\n\n\n<ul class=\"wp-block-archives-list alignfull wp-block-archives\">\t<li><a href='https:\/\/celalyildirim.com\/index.php\/2026\/01\/'>Ocak 2026<\/a><\/li>\n\t<li><a href='https:\/\/celalyildirim.com\/index.php\/2025\/08\/'>A\u011fustos 2025<\/a><\/li>\n\t<li><a href='https:\/\/celalyildirim.com\/index.php\/2025\/07\/'>Temmuz 2025<\/a><\/li>\n\t<li><a href='https:\/\/celalyildirim.com\/index.php\/2025\/06\/'>Haziran 2025<\/a><\/li>\n\t<li><a href='https:\/\/celalyildirim.com\/index.php\/2025\/05\/'>May\u0131s 2025<\/a><\/li>\n\t<li><a href='https:\/\/celalyildirim.com\/index.php\/2025\/04\/'>Nisan 2025<\/a><\/li>\n\t<li><a href='https:\/\/celalyildirim.com\/index.php\/2025\/03\/'>Mart 2025<\/a><\/li>\n\t<li><a href='https:\/\/celalyildirim.com\/index.php\/2025\/02\/'>\u015eubat 2025<\/a><\/li>\n<\/ul>\n\n\n<p class=\"has-text-align-center\"><strong>YAZILARIM &#8211; KATERGOR\u0130LER\u0130NE G\u00d6RE<\/strong><\/p>\n\n\n<ul class=\"wp-block-categories-list wp-block-categories\">\t<li class=\"cat-item cat-item-17\"><a href=\"https:\/\/celalyildirim.com\/index.php\/category\/ani\/\">an\u0131<\/a>\n<\/li>\n\t<li class=\"cat-item cat-item-18\"><a href=\"https:\/\/celalyildirim.com\/index.php\/category\/ani\/ani-ani\/\">an\u0131<\/a>\n<\/li>\n\t<li class=\"cat-item cat-item-9\"><a href=\"https:\/\/celalyildirim.com\/index.php\/category\/cocuk-oykuleri\/\">\u00c7ocuk \u00d6yk\u00fcleri<\/a>\n<\/li>\n\t<li class=\"cat-item cat-item-11\"><a href=\"https:\/\/celalyildirim.com\/index.php\/category\/cocuk-siirleri\/\">\u00c7ocuk \u015eiirleri<\/a>\n<\/li>\n\t<li class=\"cat-item cat-item-10\"><a href=\"https:\/\/celalyildirim.com\/index.php\/category\/guncel-makale\/\">G\u00fcncel Makale<\/a>\n<\/li>\n\t<li class=\"cat-item cat-item-8\"><a href=\"https:\/\/celalyildirim.com\/index.php\/category\/lirik-siir\/\">Lirik \u015eiir<\/a>\n<\/li>\n\t<li class=\"cat-item cat-item-15\"><a href=\"https:\/\/celalyildirim.com\/index.php\/category\/otobiyografik-siir\/\">otobiyografik \u015fiir<\/a>\n<\/li>\n\t<li class=\"cat-item cat-item-1\"><a href=\"https:\/\/celalyildirim.com\/index.php\/category\/pastoral-siir\/pastoral\/\">pastoral \u015fiir<\/a>\n<\/li>\n\t<li class=\"cat-item cat-item-16\"><a href=\"https:\/\/celalyildirim.com\/index.php\/category\/pastoral-siir\/\">pastoral \u015fiir<\/a>\n<\/li>\n\t<li class=\"cat-item cat-item-19\"><a href=\"https:\/\/celalyildirim.com\/index.php\/category\/toplumsal-siir\/\">Toplumsal \u015eiir<\/a>\n<\/li>\n<\/ul>\n\n\n<p><\/p>\n","protected":false},"excerpt":{"rendered":"<p>Celal Y\u0131ld\u0131r\u0131m Blog Sayfas\u0131d\u0131r&#8230; Merhaba! Ben \u00e7al\u0131\u015fma hayat\u0131ndan emekli olan ve yaz\u0131m hayat\u0131na k\u00fc\u00e7\u00fck katk\u0131lar veren e\u011fitimciyim.Buras\u0131 benim sitem.Ayd\u0131n&#8217; da ya\u015f\u0131yorum.Sabahlar\u0131 zevkle a\u00e7\u0131k havada y\u00fcr\u00fcy\u00fc\u015f,ard\u0131ndan m\u00fczikle egzersiz yapar\u0131m.Kitap okumay\u0131 severim.Ayr\u0131ca g\u00fcvercinlerle iyi bir dostlu\u011fum var SON YAZILARIM&#8230; YAZILARIM &#8211; AR\u015e\u0130V\u0130M YAZILARIM &#8211; KATERGOR\u0130LER\u0130NE G\u00d6RE<\/p>\n","protected":false},"author":1,"featured_media":0,"parent":0,"menu_order":0,"comment_status":"closed","ping_status":"open","template":"","meta":{"footnotes":""},"class_list":["post-2","page","type-page","status-publish","hentry"],"_links":{"self":[{"href":"https:\/\/celalyildirim.com\/index.php\/wp-json\/wp\/v2\/pages\/2","targetHints":{"allow":["GET"]}}],"collection":[{"href":"https:\/\/celalyildirim.com\/index.php\/wp-json\/wp\/v2\/pages"}],"about":[{"href":"https:\/\/celalyildirim.com\/index.php\/wp-json\/wp\/v2\/types\/page"}],"author":[{"embeddable":true,"href":"https:\/\/celalyildirim.com\/index.php\/wp-json\/wp\/v2\/users\/1"}],"replies":[{"embeddable":true,"href":"https:\/\/celalyildirim.com\/index.php\/wp-json\/wp\/v2\/comments?post=2"}],"version-history":[{"count":10,"href":"https:\/\/celalyildirim.com\/index.php\/wp-json\/wp\/v2\/pages\/2\/revisions"}],"predecessor-version":[{"id":449,"href":"https:\/\/celalyildirim.com\/index.php\/wp-json\/wp\/v2\/pages\/2\/revisions\/449"}],"wp:attachment":[{"href":"https:\/\/celalyildirim.com\/index.php\/wp-json\/wp\/v2\/media?parent=2"}],"curies":[{"name":"wp","href":"https:\/\/api.w.org\/{rel}","templated":true}]}}